{"id":27,"date":"2024-04-21T11:35:49","date_gmt":"2024-04-21T09:35:49","guid":{"rendered":"http:\/\/adwokatlubin.com\/?page_id=27"},"modified":"2024-04-25T11:05:15","modified_gmt":"2024-04-25T09:05:15","slug":"trafiles-w-dobre-miejsce","status":"publish","type":"page","link":"https:\/\/adwokatlubin.com\/index.php\/trafiles-w-dobre-miejsce\/","title":{"rendered":"Trafi\u0142e\u015b w dobre miejsce!"},"content":{"rendered":"\n<p>Nasza kancelaria adwokacka dzia\u0142a ju\u017c od 2005 roku. Pomoc prawn\u0105 \u015bwiadczymy na rzecz klient\u00f3w z wojew\u00f3dztwa dolno\u015bl\u0105skiego. <\/p>\n\n\n\n<p>Zapewniamy kompleksow\u0105 obs\u0142ug\u0119 prawn\u0105 obejmuj\u0105c\u0105 m.in. prawo rodzinne, cywilne czy gospodarcze. Pomagamy tak\u017ce w windykacji nale\u017cno\u015bci.<\/p>\n\n\n\n<p>Szukasz do\u015bwiadczonego adwokata w Lublinie? Grzegorz Buba ch\u0119tnie zajmie si\u0119 Twoj\u0105 spraw\u0105!<\/p>\n","protected":false},"excerpt":{"rendered":"<p>Nasza kancelaria adwokacka dzia\u0142a ju\u017c od 2005 roku. Pomoc prawn\u0105 \u015bwiadczymy na rzecz klient\u00f3w z wojew\u00f3dztwa dolno\u015bl\u0105skiego. Zapewniamy kompleksow\u0105 obs\u0142ug\u0119 [&hellip;]<\/p>\n","protected":false},"author":1,"featured_media":0,"parent":0,"menu_order":0,"comment_status":"closed","ping_status":"closed","template":"","meta":{"footnotes":""},"class_list":["post-27","page","type-page","status-publish","hentry"],"_links":{"self":[{"href":"https:\/\/adwokatlubin.com\/index.php\/wp-json\/wp\/v2\/pages\/27","targetHints":{"allow":["GET"]}}],"collection":[{"href":"https:\/\/adwokatlubin.com\/index.php\/wp-json\/wp\/v2\/pages"}],"about":[{"href":"https:\/\/adwokatlubin.com\/index.php\/wp-json\/wp\/v2\/types\/page"}],"author":[{"embeddable":true,"href":"https:\/\/adwokatlubin.com\/index.php\/wp-json\/wp\/v2\/users\/1"}],"replies":[{"embeddable":true,"href":"https:\/\/adwokatlubin.com\/index.php\/wp-json\/wp\/v2\/comments?post=27"}],"version-history":[{"count":2,"href":"https:\/\/adwokatlubin.com\/index.php\/wp-json\/wp\/v2\/pages\/27\/revisions"}],"predecessor-version":[{"id":2296,"href":"https:\/\/adwokatlubin.com\/index.php\/wp-json\/wp\/v2\/pages\/27\/revisions\/2296"}],"wp:attachment":[{"href":"https:\/\/adwokatlubin.com\/index.php\/wp-json\/wp\/v2\/media?parent=27"}],"curies":[{"name":"wp","href":"https:\/\/api.w.org\/{rel}","templated":true}]}}